{"id":15898,"date":"2021-11-19T13:32:39","date_gmt":"2021-11-19T12:32:39","guid":{"rendered":"https:\/\/cavallo-arena.de\/?page_id=15898"},"modified":"2021-12-10T13:35:55","modified_gmt":"2021-12-10T12:35:55","slug":"services","status":"publish","type":"page","link":"https:\/\/cavallo-arena.de\/?page_id=15898","title":{"rendered":"Services"},"content":{"rendered":"<p>\n<section id=\"wpes-d6f1eb6f2ea5bf573c40628ba555858f\" class=\"fw-main-row  fw-container-fluid \" style=\"margin-bottom: 50px;\"  >\n\t\t<div class=\"fw-container\">\n\t\t<div class=\"fw-row\">\n\t\n<div class=\"fw-col-xs-12 fw-col-sm-4 wpes-animation-element\" data-animation=slideInLeft data-animation-delay=200  style=\"\">\n\t\t<div class=\"fw-col-inner\">\n\t\t<img decoding=\"async\" src=\"\/\/cavallo-arena.de\/wp-content\/uploads\/2021\/11\/IMG_2950a.jpg\" alt=\"\/\/cavallo-arena.de\/wp-content\/uploads\/2021\/11\/IMG_2950a.jpg\" class=\"rounded alignnone img-raised img-fluid\" \/>\t<\/div>\n<\/div>\n<div class=\"fw-col-xs-12 fw-col-sm-8 wpes-animation-element\" data-animation=slideInRight data-animation-delay=200  style=\"\">\n\t\t<div class=\"fw-col-inner\">\n\t\t<p><strong>Reithalle<\/strong><\/p><p>Unsere <strong>Cavallo-Arena<\/strong> ist der ideale Ort f\u00fcr Reitsportveranstaltungen, Seminare, Lehrg\u00e4nge, Beratungstage oder Ihre private Veranstaltung wie Firmen- oder Vereinsfeier mieten. \u00a0Die Halle mit den Abma\u00dfen 50 x 20 Metern ist beheizbar, verf\u00fcgt \u00fcber anliegende Sanit\u00e4ranlagen sowie einem gro\u00dfz\u00fcgigen Seminarraum.<\/p>\t<\/div>\n<\/div><\/div>\n\n\t<\/div>\n<\/section>\n<section id=\"wpes-f4702476d9f489eb563b4df7ae5e97f2\" class=\"fw-main-row  fw-container-fluid \" style=\"margin-bottom: 50px;\"  >\n\t\t<div class=\"fw-container\">\n\t\t<div class=\"fw-row\">\n\t\n<div class=\"fw-col-xs-12 fw-col-sm-4 wpes-animation-element\" data-animation=slideInLeft data-animation-delay=200  style=\"\">\n\t\t<div class=\"fw-col-inner\">\n\t\t<img decoding=\"async\" src=\"\/\/cavallo-arena.de\/wp-content\/uploads\/2021\/11\/IMG_5142-Benutzerdefiniert.jpg\" alt=\"\/\/cavallo-arena.de\/wp-content\/uploads\/2021\/11\/IMG_5142-Benutzerdefiniert.jpg\" class=\"rounded alignnone img-raised img-fluid\" \/>\t<\/div>\n<\/div>\n<div class=\"fw-col-xs-12 fw-col-sm-8 wpes-animation-element\" data-animation=slideInRight data-animation-delay=200  style=\"\">\n\t\t<div class=\"fw-col-inner\">\n\t\t<p><strong>Paddocks<\/strong><\/p><p>Drei gro\u00dfz\u00fcgige und sicher eingez\u00e4unte <strong>Paddocks<\/strong> stehen ebenfalls f\u00fcr Ihre Pferde als alternative Unterbringungsm\u00f6glichkeit \u00a0zur Verf\u00fcgung.<\/p>\t<\/div>\n<\/div><\/div>\n\n\t<\/div>\n<\/section>\n<section id=\"wpes-ddc45437f5573eb6b97c404b1fc47687\" class=\"fw-main-row  fw-container-fluid \" style=\"margin-bottom: 50px;\"  >\n\t\t<div class=\"fw-container\">\n\t\t<div class=\"fw-row\">\n\t\n<div class=\"fw-col-xs-12 fw-col-sm-4 wpes-animation-element\" data-animation=slideInLeft data-animation-delay=200  style=\"\">\n\t\t<div class=\"fw-col-inner\">\n\t\t<img decoding=\"async\" src=\"\/\/cavallo-arena.de\/wp-content\/uploads\/2021\/11\/IMG_5143-Benutzerdefiniert.jpg\" alt=\"\/\/cavallo-arena.de\/wp-content\/uploads\/2021\/11\/IMG_5143-Benutzerdefiniert.jpg\" class=\"rounded alignnone img-raised img-fluid\" \/>\t<\/div>\n<\/div>\n<div class=\"fw-col-xs-12 fw-col-sm-8 wpes-animation-element\" data-animation=slideInRight data-animation-delay=200  style=\"\">\n\t\t<div class=\"fw-col-inner\">\n\t\t<p><strong>Reitplatz<\/strong><\/p><p>Unser gepflegter <strong>Au\u00dfenplatz<\/strong> kann als Abreiteplatz f\u00fcr Hallenturniere, aber auch f\u00fcr Seminare und Lehrg\u00e4nge genutzt werden.<\/p>\t<\/div>\n<\/div><\/div>\n\n\t<\/div>\n<\/section>\n<section id=\"wpes-db0670bf2b9abf89c6e4717857c6a603\" class=\"fw-main-row  fw-container-fluid \" style=\"margin-bottom: 50px;\"  >\n\t\t<div class=\"fw-container\">\n\t\t<div class=\"fw-row\">\n\t\n<div class=\"fw-col-xs-12 fw-col-sm-4 wpes-animation-element\" data-animation=slideInLeft data-animation-delay=200  style=\"\">\n\t\t<div class=\"fw-col-inner\">\n\t\t<img decoding=\"async\" src=\"\/\/cavallo-arena.de\/wp-content\/uploads\/2021\/11\/IMG_5085-Benutzerdefiniert.jpg\" alt=\"\/\/cavallo-arena.de\/wp-content\/uploads\/2021\/11\/IMG_5085-Benutzerdefiniert.jpg\" class=\"rounded alignnone img-raised img-fluid\" \/>\t<\/div>\n<\/div>\n<div class=\"fw-col-xs-12 fw-col-sm-8 wpes-animation-element\" data-animation=slideInRight data-animation-delay=200  style=\"\">\n\t\t<div class=\"fw-col-inner\">\n\t\t<p><strong>Seminarraum<\/strong><\/p><p>Der <strong>Seminarraum<\/strong> mit Blick in die Cavallo-Arena kann sowohl f\u00fcr Schulungen und Seminare als auch f\u00fcr Betriebsfeiern oder \u00e4hnliches genutzt werden. Bis zu 80 Personen finden hier Platz.<\/p><p>Die angrenzende K\u00fcche steht Ihnen zur Selbstversorgung zur Verf\u00fcgung. Ganz nach Ihren W\u00fcnschen\u00a0 k\u00fcmmern wir uns auch um Ihre Verpflegung.<\/p>\t<\/div>\n<\/div><\/div>\n\n\t<\/div>\n<\/section>\n<section id=\"wpes-8e21c002a1ee6b4fb50792eba50bb75e\" class=\"fw-main-row  fw-container-fluid \" style=\"margin-bottom: 50px;\"  >\n\t\t<div class=\"fw-container\">\n\t\t<div class=\"fw-row\">\n\t\n<div class=\"fw-col-xs-12 fw-col-sm-4 wpes-animation-element\" data-animation=slideInLeft data-animation-delay=200  style=\"\">\n\t\t<div class=\"fw-col-inner\">\n\t\t<img decoding=\"async\" src=\"\/\/cavallo-arena.de\/wp-content\/uploads\/2021\/11\/IMG_5167-Benutzerdefiniert.jpg\" alt=\"\/\/cavallo-arena.de\/wp-content\/uploads\/2021\/11\/IMG_5167-Benutzerdefiniert.jpg\" class=\"rounded alignnone img-raised img-fluid\" \/>\t<\/div>\n<\/div>\n<div class=\"fw-col-xs-12 fw-col-sm-8 wpes-animation-element\" data-animation=slideInRight data-animation-delay=200  style=\"\">\n\t\t<div class=\"fw-col-inner\">\n\t\t<p><strong>Pferdeanh\u00e4nger<\/strong><\/p><p>Unser moderner <strong>Pferdeanh\u00e4nger<\/strong> mit Sattelkammer steht Ihnen zur Vermietung auch \u00fcber mehrere Tage zur Verf\u00fcgung.<\/p>\t<\/div>\n<\/div><\/div>\n\n\t<\/div>\n<\/section><\/p>\n","protected":false},"excerpt":{"rendered":"<p>ReithalleUnsere Cavallo-Arena ist der ideale Ort f\u00fcr Reitsportveranstaltungen, Seminare, Lehrg\u00e4nge, Beratungstage oder Ihre private Veranstaltung wie Firmen- oder Vereinsfeier mieten. \u00a0Die Halle mit den Abma\u00dfen 50 x 20 Metern ist beheizbar, verf\u00fcgt \u00fcber anliegende Sanit\u00e4ranlagen sowie einem gro\u00dfz\u00fcgigen Seminarraum. PaddocksDrei gro\u00dfz\u00fcgige und sicher eingez\u00e4unte Paddocks stehen ebenfalls f\u00fcr Ihre Pferde als alternative Unterbringungsm\u00f6glichkeit \u00a0zur Verf\u00fcgung. [&hellip;]<\/p>\n","protected":false},"author":1,"featured_media":0,"parent":0,"menu_order":0,"comment_status":"closed","ping_status":"closed","template":"page-templates\/full-width.php","meta":{"footnotes":""},"class_list":["post-15898","page","type-page","status-publish","hentry"],"_links":{"self":[{"href":"https:\/\/cavallo-arena.de\/index.php?rest_route=\/wp\/v2\/pages\/15898","targetHints":{"allow":["GET"]}}],"collection":[{"href":"https:\/\/cavallo-arena.de\/index.php?rest_route=\/wp\/v2\/pages"}],"about":[{"href":"https:\/\/cavallo-arena.de\/index.php?rest_route=\/wp\/v2\/types\/page"}],"author":[{"embeddable":true,"href":"https:\/\/cavallo-arena.de\/index.php?rest_route=\/wp\/v2\/users\/1"}],"replies":[{"embeddable":true,"href":"https:\/\/cavallo-arena.de\/index.php?rest_route=%2Fwp%2Fv2%2Fcomments&post=15898"}],"version-history":[{"count":21,"href":"https:\/\/cavallo-arena.de\/index.php?rest_route=\/wp\/v2\/pages\/15898\/revisions"}],"predecessor-version":[{"id":16097,"href":"https:\/\/cavallo-arena.de\/index.php?rest_route=\/wp\/v2\/pages\/15898\/revisions\/16097"}],"wp:attachment":[{"href":"https:\/\/cavallo-arena.de\/index.php?rest_route=%2Fwp%2Fv2%2Fmedia&parent=15898"}],"curies":[{"name":"wp","href":"https:\/\/api.w.org\/{rel}","templated":true}]}}